38?
6
What is the ten thousands digit of 379472560?
7
What is the tens digit of 482761574?
7
What is the ten thousands digit of 13786909?
8
What is the billions digit of 1861540791?
1
What is the hundreds digit of 729268456?
4
What is the thousands digit of 608121216?
1
What is the units digit of 63300342?
2
What is the hundreds digit of 39073528?
5
What is the units digit of 15935376?
6
What is the ten millions digit of 318625379?
1
What is the billions digit of 3354860613?
3
What is the thousands digit of 51561682?
1
What is the units digit of 114228624?
4
What is the hundred thousands digit of 79700590?
7
What is the thousands digit of 257751322?
1
What is the units digit of 68805801?
1
What is the billions digit of 4522877146?
4
What is the hundred millions digit of 102408637?
1
What is the millions digit of 4076182954?
6
What is the millions digit of 148600366?
8
What is the tens digit of 5383276103?
0
What is the units digit of 137055131?
1
What is the hundred thousands digit of 7450967?
4
What is the tens digit of 812148828?
2
What is the hundreds digit of 1747164254?
2
What is the millions digit of 32984502?
2
What is the units digit of 3769287681?
1
What is the hundred millions digit of 210759360?
2
What is the ten millions digit of 3146082055?
4
What is the millions digit of 2403745751?
3
What is the thousands digit of 9407749?
7
What is the tens digit of 157179508?
0
What is the hundreds digit of 67197379?
3
What is the millions digit of 576430222?
6
What is the ten millions digit of 12487078?
1
What is the ten millions digit of 20079943?
2
What is the millions digit of 752540473?
2
What is the hundreds digit of 476999457?
4
What is the ten millions digit of 318553786?
1
What is the hundred millions digit of 3009664949?
0
What is the hundreds digit of 54516517?
5
What is the ten millions digit of 81182420?
8
What is the thousands digit of 49066822?
6
What is the thousands digit of 716768477?
8
What is the tens digit of 83002183?
8
What is the hundred thousands digit of 291652897?
6
What is the ten thousands digit of 327069473?
6
What is the millions digit of 64631893?
4
What is the ten millions digit of 328522093?
2
What is the hundred millions digit of 101036326?
1
What is the tens digit of 3034445998?
9
What is the units digit of 23496626?
6
What is the ten millions digit of 618942956?
1
What is the ten millions digit of 382136814?
8
What is the units digit of 6441418?
8
What is the hundreds digit of 11023550?
5
What is the hundreds digit of 9482193?
1
What is the ten thousands digit of 22322631?
2
What is the ten thousands digit of 41944331?
4
What is the tens digit of 210214505?
0
What is the hundred millions digit of 1548314438?
5
What is the tens digit of 412050396?
9
What is the ten thousands digit of 6282371701?
7
What is the ten thousands digit of 835036353?
3
What is the hundred thousands digit of 107334518?
3
What is the tens digit of 9606571?
7
What is the millions digit of 72038666?
2
What is the ten millions digit of 95398152?
9
What is the ten millions digit of 873672874?
7
What is the thousands digit of 15661277?
1
What is the thousands digit of 78144132?
4
What is the hundred thousands digit of 4244938509?
9
What is the hundreds digit of 903767712?
7
What is the billions digit of 2132303453?
2
What is the ten millions digit of 497510285?
9
What is the ten thousands digit of 129709163?
0
What is the millions digit of 374709421?
4
What is the hundreds digit of 375092924?
9
What is the units digit of 56503546?
6
What is the ten thousands digit of 30099998?
9
What is the hundreds digit of 1653262310?
3
What is the hundreds digit of 177770285?
2
What is the hundred millions digit of 638269393?
6
What is the units digit of 950533180?
0
What is the hundred millions digit of 746367159?
7
What is the ten thousands digit of 36573505?
7
What is the billions digit of 2766181557?
2
What is the ten millions digit of 466624643?
6
What is the ten thousands digit of 190164198?
6
What is the millions digit of 365785513?
5
What is the tens digit of 3141873887?
8
What is the hundred thousands digit of 62287479?
2
What is the tens digit of 393212915?
1
What is the millions digit of 5115323681?
5
What is the tens digit of 98419657?
5
What is the thousands digit of 2967453804?
3
What is the hundreds digit of 1092119271?
2
What is the hundreds digit of 4975076055?
0
What is the thousands digit of 10993137?
3
What is the billions digit of 3063027216?
3
What is the ten millions digit of 2576142837?
7
What is the hundreds digit of 2972777597?
5
What is the tens digit of 528401464?
6
What is the units digit of 1338368248?
8
What is the hundreds digit of 101247995?
9
What is the hundred thousands digit of 38762281?
7
What is the ten millions digit of 1057334889?
5
What is the millions digit of 71375318?
1
What is the hundreds digit of 17248236?
2
What is the tens digit of 36246929?
2
What is the units digit of 2397365657?
7
What is the millions digit of 358933783?
8
What is the units digit of 184610854?
4
What is the ten thousands digit of 186662615?
6
What is the ten thousands digit of 6125872240?
7
What is the billions digit of 5075717093?
5
What is the hundred thousands digit of 94176039?
1
What is the hundreds digit of 881060565?
5
What is the thousands digit of 1193061982?
1
What is the ten thousands digit of 276717285?
1
What is the ten thousands digit of 2510216620?
1
What is the hundreds digit of 703666801?
8
What is the thousands digit of 59068615?
8
What is the millions digit of 3479625244?
9
What is the thousands digit of 355153440?
3
What is the tens digit of 617267465?
6
What is the hundred thousands digit of 98242463?
2
What is the hundred millions digit of 581000765?
5
What is the ten millions digit of 4593014720?
9
What is the millions digit of 128117131?
8
What is the millions digit of 12625572?
2
What is the millions digit of 46546499?
6
What is the ten thousands digit of 2513658106?
5
What is the millions digit of 453782513?
3
What is the ten thousands digit of 1757899846?
9
What is the ten thousands digit of 136787156?
8
What is the units digit of 1283346181?
1
What is the units digit of 47029611?
1
What is the ten millions digit of 1650838523?
5
What is the hundred millions digit of 1277588378?
2
What is the ten thousands digit of 1601894901?
9
What is the thousands digit of 61014160?
4
What is the hundred thousands digit of 4423800629?
8
What is the ten millions digit of 1688448043?
8
What is the tens digit of 43701223?
2
What is the tens digit of 126393586?
8
What is the ten thousands digit of 4311454808?
5
What is the hundreds digit of 892874875?
8
What is the millions digit of 211256948?
1
What is the hundred millions digit of 739419753?
7
What is the tens digit of 3880789?
8
What is the tens digit of 448583447?
4
What is the ten millions digit of 595217587?
9
What is the hundred thousands digit of 61858304?
8
What is the ten millions digit of 537241779?
3
What is the ten millions digit of 225351681?
2
What is the thousands digit of 148908981?
8
What is the hundred thousands digit of 172461583?
4
What is the units digit of 327433902?
2
What is the ten thousands digit of 2001577562?
7
What is the hundred thousands digit of 22535973?
5
What is the units digit of 107388892?
2
What is the ten thousands digit of 507653080?
5
What is the ten thousands digit of 25714681?
1
What is the tens digit of 733995635?
3
What is the ten millions digit of 134805661?
3
What is the units digit of 125357361?
1
What is the ten millions digit of 703387125?
0
What is the ten thousands digit of 702760079?
6
What is the hundred thousands digit of 549600553?
6
What is the tens digit of 4499192?
9
What is the tens digit of 2214415779?
7
What is the ten millions digit of 1020936362?
2
What is the millions digit of 446568760?
6
What is the thousands digit of 32445423?
5
What is the hundreds digit of 93659833?
8
What is the millions digit of 1639939034?
9
What is the thousands digit of 42688984?
8
What is the hundred thousands digit of 6798939494?
9
What is the tens digit of 3851078684?
8
What is the millions digit of 208697916?
8
What is the hundred thousands digit of 1911093924?
0
What is the millions digit of 78521294?
8
What is the ten milli